{"id":207,"date":"2018-07-31T14:23:18","date_gmt":"2018-07-31T12:23:18","guid":{"rendered":"http:\/\/dev.medic-all.fr\/?page_id=207"},"modified":"2018-07-31T14:23:18","modified_gmt":"2018-07-31T12:23:18","slug":"mouvement-du-materiel-en-depot","status":"publish","type":"page","link":"https:\/\/medic-all.fr\/?page_id=207","title":{"rendered":"Mouvement du mat\u00e9riel en d\u00e9p\u00f4t"},"content":{"rendered":"<p><a class=\"fasc-button fasc-size-xlarge fasc-type-glossy fasc-rounded-medium\" style=\"background-color: #33809e; color: #ffffff;\" target=\"_blank\" href=\"https:\/\/docs.google.com\/forms\/d\/e\/1FAIpQLSeyW2wfCnKtiL4Hs22KYpUFJlzdz8IWMAt4sCseCTb3mGvc9g\/viewform?usp=pp_url\">Mouvement du mat\u00e9riel en d\u00e9p\u00f4t<\/a><\/p>\n","protected":false},"excerpt":{"rendered":"<p>Mouvement du mat\u00e9riel en d\u00e9p\u00f4t<\/p>\n","protected":false},"author":1,"featured_media":0,"parent":51,"menu_order":4,"comment_status":"closed","ping_status":"closed","template":"","meta":[],"_links":{"self":[{"href":"https:\/\/medic-all.fr\/index.php?rest_route=\/wp\/v2\/pages\/207"}],"collection":[{"href":"https:\/\/medic-all.fr\/index.php?rest_route=\/wp\/v2\/pages"}],"about":[{"href":"https:\/\/medic-all.fr\/index.php?rest_route=\/wp\/v2\/types\/page"}],"author":[{"embeddable":true,"href":"https:\/\/medic-all.fr\/index.php?rest_route=\/wp\/v2\/users\/1"}],"replies":[{"embeddable":true,"href":"https:\/\/medic-all.fr\/index.php?rest_route=%2Fwp%2Fv2%2Fcomments&post=207"}],"version-history":[{"count":1,"href":"https:\/\/medic-all.fr\/index.php?rest_route=\/wp\/v2\/pages\/207\/revisions"}],"predecessor-version":[{"id":208,"href":"https:\/\/medic-all.fr\/index.php?rest_route=\/wp\/v2\/pages\/207\/revisions\/208"}],"up":[{"embeddable":true,"href":"https:\/\/medic-all.fr\/index.php?rest_route=\/wp\/v2\/pages\/51"}],"wp:attachment":[{"href":"https:\/\/medic-all.fr\/index.php?rest_route=%2Fwp%2Fv2%2Fmedia&parent=207"}],"curies":[{"name":"wp","href":"https:\/\/api.w.org\/{rel}","templated":true}]}}