{"id":183,"date":"2018-07-27T13:51:18","date_gmt":"2018-07-27T11:51:18","guid":{"rendered":"http:\/\/dev.medic-all.fr\/?page_id=183"},"modified":"2020-06-01T14:44:28","modified_gmt":"2020-06-01T12:44:28","slug":"contact-2","status":"publish","type":"page","link":"https:\/\/medic-all.fr\/?page_id=183","title":{"rendered":"Contact"},"content":{"rendered":"<div role=\"form\" class=\"wpcf7\" id=\"wpcf7-f68-o1\" lang=\"fr-FR\" dir=\"ltr\">\n<div class=\"screen-reader-response\" aria-live=\"polite\"><\/div>\n<form action=\"\/index.php?rest_route=%2Fwp%2Fv2%2Fpages%2F183#wpcf7-f68-o1\" method=\"post\" class=\"wpcf7-form\" novalidate=\"novalidate\">\n<div style=\"display: none;\">\n<input type=\"hidden\" name=\"_wpcf7\" value=\"68\" \/>\n<input type=\"hidden\" name=\"_wpcf7_version\" value=\"5.1.9\" \/>\n<input type=\"hidden\" name=\"_wpcf7_locale\" value=\"fr_FR\" \/>\n<input type=\"hidden\" name=\"_wpcf7_unit_tag\" value=\"wpcf7-f68-o1\" \/>\n<input type=\"hidden\" name=\"_wpcf7_container_post\" value=\"0\" \/>\n<\/div>\n<p><label> Votre nom (obligatoire)<br \/>\n    <span class=\"wpcf7-form-control-wrap your-name\"><input type=\"text\" name=\"your-name\" value=\"\" size=\"40\" class=\"wpcf7-form-control wpcf7-text wpcf7-validates-as-required\" aria-required=\"true\" aria-invalid=\"false\" \/><\/span> <\/label><\/p>\n<p><label> Votre adresse de messagerie (obligatoire)<br \/>\n    <span class=\"wpcf7-form-control-wrap your-email\"><input type=\"email\" name=\"your-email\" value=\"\" size=\"40\" class=\"wpcf7-form-control wpcf7-text wpcf7-email wpcf7-validates-as-required wpcf7-validates-as-email\" aria-required=\"true\" aria-invalid=\"false\" \/><\/span> <\/label><\/p>\n<p><label> Objet<br \/>\n    <span class=\"wpcf7-form-control-wrap your-subject\"><input type=\"text\" name=\"your-subject\" value=\"\" size=\"40\" class=\"wpcf7-form-control wpcf7-text\" aria-invalid=\"false\" \/><\/span> <\/label><\/p>\n<p><label> Votre message<br \/>\n    <span class=\"wpcf7-form-control-wrap your-message\"><textarea name=\"your-message\" cols=\"40\" rows=\"10\" class=\"wpcf7-form-control wpcf7-textarea\" aria-invalid=\"false\"><\/textarea><\/span> <\/label><\/p>\n<p><input type=\"submit\" value=\"Envoyer\" class=\"wpcf7-form-control wpcf7-submit\" \/><\/p>\n<div class=\"wpcf7-response-output wpcf7-display-none\" aria-hidden=\"true\"><\/div><\/form><\/div>\n<p><strong>Contactez-nous !<\/strong><\/p>\n<p>T\u00e9l\u00a0\u00a0\u00a0\u00a0 03 21 13 62 13<br \/>\nFax\u00a0\u00a0\u00a0 03 21 13 62 19<br \/>\ncontact@medic-all.fr<\/p>\n<p>Permanence t\u00e9l\u00e9phonique\u00a024h\/24, 7j\/7<\/p>\n<ul>\n<li><span style=\"text-decoration: underline; color: #3366ff;\">Magasin de Lens<\/span><br \/>\n12 avenue Van Pelt<br \/>\n62300 Lens<br \/>\nT\u00e9l 03 21 13 62 14<\/li>\n<\/ul>\n<p><span style=\"color: #339966;\">Ouvert du lundi au vendredi<\/span><br \/>\n<span style=\"color: #339966;\">de 9h00 \u00e0 12h00 de 14h00 \u00e0 18h00<\/span><\/p>\n<ul>\n<li><span style=\"text-decoration: underline; color: #3366ff;\">Site administratif et logistique<\/span><br \/>\nZone Industrielle\u00a0Les Botiaux<br \/>\n62820 Libercourt<\/li>\n<\/ul>\n<p><span style=\"color: #339966;\">Du lundi au vendredi<\/span><br \/>\n<span style=\"color: #339966;\">de 8h30 \u00e0 12h00 de 14h00 \u00e0 18h30<\/span><\/p>\n<ul>\n<li><span style=\"text-decoration: underline; color: #3366ff;\">Site logistique<\/span><br \/>\n5 route d&#8217;Ennevelin<br \/>\n59710 Avelin<\/li>\n<\/ul>\n","protected":false},"excerpt":{"rendered":"<p>Contactez-nous ! T\u00e9l\u00a0\u00a0\u00a0\u00a0 03 21 13 62 13 Fax\u00a0\u00a0\u00a0 03 21 13 62 19 contact@medic-all.fr Permanence t\u00e9l\u00e9phonique\u00a024h\/24, 7j\/7 Magasin de Lens 12 avenue Van Pelt 62300 Lens T\u00e9l 03 21 13 62 14 Ouvert du lundi au vendredi de 9h00 \u00e0 12h00 de 14h00 \u00e0 18h00 Site administratif et logistique [&hellip;]<\/p>\n","protected":false},"author":1,"featured_media":0,"parent":0,"menu_order":0,"comment_status":"closed","ping_status":"closed","template":"","meta":[],"_links":{"self":[{"href":"https:\/\/medic-all.fr\/index.php?rest_route=\/wp\/v2\/pages\/183"}],"collection":[{"href":"https:\/\/medic-all.fr\/index.php?rest_route=\/wp\/v2\/pages"}],"about":[{"href":"https:\/\/medic-all.fr\/index.php?rest_route=\/wp\/v2\/types\/page"}],"author":[{"embeddable":true,"href":"https:\/\/medic-all.fr\/index.php?rest_route=\/wp\/v2\/users\/1"}],"replies":[{"embeddable":true,"href":"https:\/\/medic-all.fr\/index.php?rest_route=%2Fwp%2Fv2%2Fcomments&post=183"}],"version-history":[{"count":9,"href":"https:\/\/medic-all.fr\/index.php?rest_route=\/wp\/v2\/pages\/183\/revisions"}],"predecessor-version":[{"id":405,"href":"https:\/\/medic-all.fr\/index.php?rest_route=\/wp\/v2\/pages\/183\/revisions\/405"}],"wp:attachment":[{"href":"https:\/\/medic-all.fr\/index.php?rest_route=%2Fwp%2Fv2%2Fmedia&parent=183"}],"curies":[{"name":"wp","href":"https:\/\/api.w.org\/{rel}","templated":true}]}}